 Let u(o) = o**3 - o**2 - o + 28. Let p be u(x). Suppose p = 2*v + 8. List the prime factors of v.
2, 5
Let t(h) = h**2 + 6*h - 2. List the prime factors of t(-10).
2, 19
Let v = 191 + 34. What are the prime factors of v?
3, 5
Let c = -20 - -71. List the prime factors of c.
3, 17
Let y = -4 - -13. Suppose 2*u = -y - 19. Let o = u + 20. What are the prime factors of o?
2, 3
Suppose -4*t = 3*t - 210. List the prime factors of t.
2, 3, 5
Let s(m) = -38*m - 2. What are the prime factors of s(-1)?
2, 3
Suppose -4*k = -84 - 76. Suppose -s = 3*s - k. What are the prime factors of s?
2, 5
Suppose -8*w - 2*w = -1870. List the prime factors of w.
11, 17
Let z be 0 - -2 - 6/6. What are the prime factors of 4 + 9 - (z - 1)?
13
Let n(p) = -p**2 + 6*p + 10. Let d be n(8). Let o(b) = -4*b + 4. Let q be o(d). Suppose c = -3*c + q. List the prime factors of c.
7
Let c(f) = -f**3 + f**2 - f - 4. Let s(w) = -w**3 + 6*w**2. Let v be s(6). Let d be c(v). Let z(a) = -2*a - 5. List the prime factors of z(d).
3
Let v(g) = 4*g**2 + 1. Let d be v(-1). Suppose 65 = -0*w + d*w. Let u = -5 + w. List the prime factors of u.
2
Suppose -i = 3*i - 8. Let a be 1/2 - 23/i. Let v = a - -30. What are the prime factors of v?
19
Let f(o) = 5*o**2 + 4*o - 3. What are the prime factors of f(-4)?
61
Suppose 3 = -4*w - 5*y, 11 - 2 = -2*w - 5*y. Suppose -46 = -2*k - 4*r, k + 48 = 3*k + 2*r. Suppose -w*n + 11 + k = 0. List the prime factors of n.
2, 3
Suppose 6*l - 104 = 2*l. Suppose -s = 9 - l. List the prime factors of s.
17
Let b(p) = 6*p - 5. What are the prime factors of b(4)?
19
Let p be (3 + 0 - 0)*5. Suppose 0 = -4*w + 20 + 88. Let f = w - p. What are the prime factors of f?
2, 3
Suppose 4*v + 4 = 16. Suppose -v*i = -0*i - 51. What are the prime factors of i?
17
Suppose -196 = -3*g - g. What are the prime factors of g?
7
Let l(f) = -f**3 + f**2 - 1. Let z be l(0). Let r(d) = 29*d**2 - d - 2. What are the prime factors of r(z)?
2, 7
Let a(m) = -m**2 + 8*m - 7. Let g be a(8). Let d = g + 17. List the prime factors of d.
2, 5
Suppose 22 + 206 = 4*i. List the prime factors of i.
3, 19
Let w be (225/(-4))/(1/4). List the prime factors of 4/6 + w/(-27).
3
Let o(p) = -17*p + 35. What are the prime factors of o(-5)?
2, 3, 5
Suppose -2*c + 174 + 88 = 0. List the prime factors of c.
131
Let o(a) = -a**3 + 7*a**2 - 2. Let z be o(7). Let v = -2 - z. Suppose -5*w + 11 + 39 = v. List the prime factors of w.
2, 5
What are the prime factors of (3078/(-30) - -3)/((-9)/30)?
2, 83
Suppose 2*o = -5*x + 354, -3*o + 54 = 3*x - 153. List the prime factors of x.
2, 3
Let t(f) = 2*f**2 - 4*f. What are the prime factors of t(6)?
2, 3
Suppose -17*n = -18*n + 268. What are the prime factors of n?
2, 67
Suppose d + 2*d + 4*l - 181 = 0, 3*d = -3*l + 177. Let w = -18 + d. What are the prime factors of w?
37
Suppose -5*z = 4*o - 1151, -2*z + 2*o = -445 - 1. What are the prime factors of z?
227
What are the prime factors of 3 - (0 - 328/4)?
5, 17
Suppose -2*o + 243 = 5*v, o - 123 = -v - 3. What are the prime factors of o?
7, 17
Suppose 0 = v - 4*v + 21. Suppose 5*r - 147 = -v. List the prime factors of r.
2, 7
Let w(o) = -o**3 + 3*o**2 + 5*o - 4. Let f(b) = -b**3 + 3*b**2 + 4*b - 3. Let u(y) = -6*f(y) + 5*w(y). List the prime factors of u(4).
2, 3
Suppose -n + 14 = -3*r, -2*n + 5*n - 4*r - 22 = 0. Suppose n*v - 52 = -0*v. List the prime factors of v.
2, 13
Suppose 0*u = u, -4 = -2*t + 2*u. Suppose 46 = t*m - 3*z - 5, -2*m + 57 = -z. List the prime factors of m.
2, 3, 5
Suppose 5*t = 2*d + 5, 4*d = -4*t - 1 + 5. Suppose -g = -d*g - 1. Suppose 2*y - 4*y - g = -a, 5*a - 35 = 4*y. What are the prime factors of a?
11
Let w(o) be the first derivative of -o**6/360 - 3*o**5/40 - o**4/12 + o**3/3 + 1. Let z(k) be the third derivative of w(k). List the prime factors of z(-7).
2, 3
Let c = -5 + 8. Let y(h) = 4*h. What are the prime factors of y(c)?
2, 3
Let s = 3 - 0. Let a = s + 8. List the prime factors of a.
11
Suppose 4*m + 132 = -3*q, 4*q - m + 154 = m. Suppose -6*l + l = 145. Let n = l - q. List the prime factors of n.
11
Suppose -2*g = s - 3*s + 732, -2*g + 10 = 0. What are the prime factors of s?
7, 53
Suppose l - 3*r - 36 = 0, -3*l + 2*r - 49 + 157 = 0. List the prime factors of l.
2, 3
List the prime factors of (-1)/((-5)/(-42))*-5.
2, 3, 7
Let g(i) = 33*i. List the prime factors of g(1).
3, 11
Let r = 4 + -2. Let s be 2 + (r - 0) + -30. List the prime factors of (-6)/(-21) + s/(-7).
2
Suppose 13*o = 18*o - 185. List the prime factors of o.
37
Suppose -9 + 81 = 3*k. Suppose 5*f = 2*f + k. List the prime factors of f.
2
Let n(i) be the third derivative of i**4/24 + i**3/3 - 5*i**2. Suppose l = -3*l. What are the prime factors of n(l)?
2
Let x = 5 + -1. Let n = 9 - x. What are the prime factors of n?
5
Let z = 58 - -342. List the prime factors of z.
2, 5
Suppose -4*l - 20 = -2*f, 0 = -f + 3*l + 11 + 1. What are the prime factors of f?
2, 3
Suppose 12 + 0 = 4*u. Let w be (2/u)/((-4)/(-30)). List the prime factors of 3 - w - (-18)/1.
2
List the prime factors of (5 - (-13 + -1)) + (0 - -2).
3, 7
Suppose -4*t + 42 - 6 = 0. Let a(y) = y**2 - 8*y - 7. What are the prime factors of a(t)?
2
Let s = 2 + 1. Suppose -62 = -2*j - 3*j - s*q, 0 = 4*j + 3*q - 49. What are the prime factors of j?
13
List the prime factors of (-1164)/(-15) - 2/(-5).
2, 3, 13
Let k = -446 + 694. List the prime factors of k.
2, 31
Let t = 17 + 11. What are the prime factors of t?
2, 7
Suppose 28 = 5*f - f. What are the prime factors of f/(-2)*8/(-4)?
7
What are the prime factors of (-473)/(-2) - (-23)/(-46)?
2, 59
Let h be 3 - (-3 + 2 + -1). Suppose h*t - 38 = -13. List the prime factors of t.
5
Let j = 33 - 15. Let v = j - 16. List the prime factors of v.
2
Suppose -4*j = -5*v + 50, -2*v = 3*j + 5 - 48. Let p be (-10)/15 - v/(-3). Suppose 5*f = 3*u - 31, -p*f - 4 = -2*f. List the prime factors of u.
7
Let y = -10 + 15. Suppose -y*h - 4*k = -51, 2*k = h - 19 + 6. List the prime factors of h.
11
Suppose 13 = d - 19. List the prime factors of d.
2
Suppose -4*k + r = 16, -r - 7 = -5*k - 26. Let d be k/(-3) - 0 - 1. Suppose y = -3*m + 21, 5*y + 39 = 3*m - d*y. What are the prime factors of m?
2
Suppose 8 = 3*s + s. Suppose 0 = 3*u + 2*u - 5*c - 45, u - s*c - 6 = 0. Suppose q + 3*h = 4*q - 36, -q = -3*h - u. List the prime factors of q.
2, 3
Let y(h) = -5*h - 2. Let p = 1 + -5. List the prime factors of y(p).
2, 3
Let s be 1/((-4)/(-8 - 4)). Suppose s*v - 34 = -10. What are the prime factors of v?
2
Suppose -3*l - 5*f + 516 = -l, 5*l - 1290 = -2*f. List the prime factors of l.
2, 3, 43
Let k = 46 - 41. Let s(c) = -5*c + 9. Let a(m) = -2*m + 4. Let p(f) = 7*a(f) - 3*s(f). List the prime factors of p(k).
2, 3
Let p = -16 - -72. What are the prime factors of p?
2, 7
Let y = 107 + -62. List the prime factors of y.
3, 5
Let t(x) = -x**2 + 8*x - 6*x + 7*x + 7. List the prime factors of t(9).
7
Let n be (-1 - (-16)/4)*1. Let x(h) = h**3 - h**2 - 2*h - 1. What are the prime factors of x(n)?
11
Let b be (-4)/6*-15*1. Let i be 1/1*(b - 4). Suppose -2*h - 3*o + i*o = -14, 5*h = -o + 52. What are the prime factors of h?
2, 5
Let z(m) = m**2 + 5*m + 4. Let a be z(-5). Let c be -2 - (2*-3 + -2). Suppose 0 = -4*g - a*t + 16, -3*t = 2*g + t - c. What are the prime factors of g?
5
Suppose 0*v - 4*v + 128 = 0. List the prime factors of v.
2
Let v = -100 - -44. What are the prime factors of (-1)/2*v/2?
2, 7
Let h(b) = -b**2 - 13*b - 5. List the prime factors of h(-12).
7
Let y be (-2)/(-7) - (-19)/7. Suppose w = -n + 7, 7*w - 25 = -y*n + 2*w. Suppose -n*f + 4*l + 28 = 0, 5*l + 12 = 2*f + 3*l. List the prime factors of f.
2
What are the prime factors of -2 + (5 - -2)*20?
2, 3, 23
Suppose -2*r + 6 = 0, -q - 84 = -6*q - 3*r. Suppose h - b = 4*b + 12, 5*b = q. List the prime factors of h.
3
Suppose 22 = 2*m - 4*t, -4*m + 28 + 22 = -2*t. What are the prime factors of m?
13
Let i be 1/2 + 82/4. Suppose -5*a = -109 - i. What are the prime factors of a?
2, 13
Let x(y) = 63*y + 1. Let k be x(1). Suppose 5*i = -t + k, -i - 22 = -3*i - 4*t. What are the prime factors of i?
13
Let i be (-4)/6 + (-32)/6. Let h = -13 - -15. What are the prime factors of 26/6 + h/i?
2
Let f(n) = 3*n. Let i be f(-2). What are the prime factors of ((-40)/i)/((-1)/(-3))?
2, 5
Let r be 66/12 + (-1)/2. Su